ighest common divisor of 3888 and 1620?
324
What is the highest common divisor of 15 and 322395?
15
Calculate the highest common divisor of 163 and 1280.
1
What is the greatest common divisor of 2779 and 72651?
397
Calculate the highest common divisor of 2365 and 116745.
215
What is the greatest common divisor of 56982 and 54?
6
What is the highest common factor of 669211 and 50155?
1433
Calculate the highest common factor of 5244750 and 405.
405
What is the highest common divisor of 198 and 207603?
99
What is the greatest common factor of 68 and 2116976?
68
Calculate the highest common divisor of 295 and 430.
5
Calculate the highest common divisor of 848 and 576.
16
What is the greatest common divisor of 152399 and 52?
13
What is the greatest common divisor of 347 and 398?
1
Calculate the highest common factor of 25530 and 33078.
222
Calculate the highest common divisor of 228 and 22515.
57
What is the greatest common divisor of 17185 and 119?
7
What is the greatest common factor of 19176 and 8568?
408
Calculate the highest common divisor of 482552 and 3528.
392
Calculate the greatest common divisor of 2842 and 16366.
98
What is the greatest common factor of 32685 and 555?
15
Calculate the highest common divisor of 15000 and 225.
75
Calculate the greatest common factor of 119 and 87227.
119
What is the greatest common divisor of 4541 and 133?
19
What is the greatest common divisor of 2757 and 27?
3
What is the highest common factor of 461576 and 248?
8
What is the highest common factor of 357 and 14007?
21
What is the highest common factor of 5625 and 10375?
125
What is the highest common divisor of 426261 and 33?
33
Calculate the highest common divisor of 710 and 89957.
71
Calculate the highest common divisor of 1660648 and 1808.
904
What is the highest common divisor of 115 and 350405?
115
What is the greatest common factor of 28 and 41510?
14
Calculate the highest common factor of 632 and 51508.
316
What is the greatest common factor of 11167 and 520?
13
Calculate the highest common divisor of 549664 and 3204.
356
What is the greatest common divisor of 6 and 4989690?
6
Calculate the greatest common factor of 80073 and 246.
123
What is the highest common divisor of 27 and 5769?
9
Calculate the highest common divisor of 114 and 20700.
6
Calculate the greatest common factor of 10 and 3748070.
10
What is the highest common divisor of 130 and 95?
5
Calculate the highest common factor of 2320 and 640.
80
Calculate the greatest common divisor of 112 and 25928.
56
What is the highest common factor of 174976 and 128?
128
What is the highest common factor of 105 and 1936788?
21
Calculate the highest common factor of 644 and 435988.
644
What is the greatest common factor of 151709 and 422?
211
Calculate the highest common divisor of 892 and 2603971.
223
What is the highest common factor of 414 and 291672?
18
Calculate the greatest common factor of 1364843 and 23.
23
What is the highest common factor of 67090 and 2590?
10
Calculate the highest common divisor of 756 and 18228.
84
What is the greatest common factor of 58294 and 38?
2
What is the greatest common divisor of 2755 and 286665?
145
What is the greatest common divisor of 161568 and 480?
96
Calculate the greatest common divisor of 196725 and 129.
129
What is the highest common factor of 2125183 and 2122?
1061
What is the highest common divisor of 528 and 1650?
66
Calculate the highest common divisor of 10 and 10975.
5
Calculate the highest common divisor of 3776871 and 147.
147
What is the greatest common factor of 6723 and 42496?
83
Calculate the greatest common divisor of 320 and 240480.
160
What is the greatest common divisor of 210364 and 220?
44
Calculate the highest common factor of 6 and 204846.
6
Calculate the greatest common divisor of 14632 and 6.
2
What is the highest common divisor of 538 and 472633?
269
What is the highest common divisor of 104814 and 63406?
1294
What is the highest common divisor of 1640 and 480?
40
Calculate the highest common divisor of 309 and 199923.
309
Calculate the greatest common divisor of 287358 and 141.
141
What is the highest common divisor of 904 and 8496?
8
What is the highest common factor of 584528 and 5168?
272
What is the greatest common divisor of 1157 and 1313?
13
Calculate the highest common divisor of 1989 and 388323.
117
Calculate the highest common factor of 6083887 and 4737.
1579
What is the highest common factor of 90 and 38910?
30
What is the highest common divisor of 7112 and 13970?
254
What is the highest common factor of 187460 and 140?
140
What is the highest common divisor of 21 and 343777?
7
What is the highest common divisor of 307607 and 139?
139
What is the highest common divisor of 1854 and 180?
18
What is the greatest common divisor of 5551 and 1062620?
793
What is the highest common divisor of 2556 and 4824?
36
Calculate the highest common factor of 2103764 and 208.
52
What is the greatest common factor of 4439 and 184?
23
Calculate the highest common factor of 649 and 157943.
59
What is the greatest common divisor of 352705 and 115?
115
What is the greatest common factor of 5037 and 138?
69
Calculate the greatest common divisor of 9700 and 4972220.
1940
Calculate the greatest common factor of 76 and 3580.
4
What is the greatest common divisor of 2736 and 144?
144
Calculate the greatest common factor of 90601 and 49.
49
What is the highest common factor of 5389955 and 365?
365
What is the highest common divisor of 69 and 433803?
69
What is the greatest common factor of 118 and 431?
1
Calculate the highest common divisor of 3955 and 30485.
35
What is the highest common factor of 1803 and 94357?
601
What is the highest common divisor of 15 and 29235?
15
What is the highest common divisor of 159 and 482883?
159
What is the highest common divisor of 3432487 and 51?
17
Calculate the greatest common factor of 11946 and 40722.
66
Calculate the greatest common factor of 45 and 789273.
9
Calculate the highest common factor of 2576 and 48.
16
What is the highest common factor of 75358 and 10496?
82
What is the highest common divisor of 54 and 367119?
27
What is the greatest common divisor of 10890 and 18?
18
What is the greatest common divisor of 1638 and 1694862?
234
Calculate the greatest common factor of 863550 and 495.
45
What is the greatest common factor of 33001 and 4697?
61
What is the greatest common factor of 290032 and 32?
16
Calculate the highest common divisor of 159 and 8006604.
159
What is the highest common divisor of 3200 and 36832?
32
Calculate the greatest common divisor of 19110 and 9114.
294
What is the highest common factor of 10 and 153874?
2
Calculate the highest common factor of 315 and 48672.
9
Calculate the greatest common divisor of 65 and 7423.
13
What is the highest common divisor of 52 and 114944?
4
Calculate the greatest common divisor of 163 and 106439.
163
Calculate the greatest common divisor of 82 and 592491.
41
Calculate the highest common divisor of 78 and 1414218.
78
Calculate the highest common factor of 17653 and 254.
127
What is the highest common divisor of 522 and 7596?
18
What is the greatest common factor of 4640 and 87580?
580
What is the highest common factor of 48 and 1404?
12
Calculate the highest common divisor of 112 and 312.
8
What is the greatest common divisor of 493 and 224179?
17
What is the greatest common divisor of 132 and 35316?
12
Calculate the greatest common divisor of 301 and 35539.
7
What is the greatest common factor of 16242 and 6?
6
Calculate the greatest common factor of 104 and 38792.
104
Calculate the greatest common divisor of 217147 and 469.
469
Calculate the greatest common factor of 630 and 430605.
315
Calculate the highest common divisor of 15512 and 168.
56
Calculate the highest common factor of 19918 and 322.
46
What is the greatest common factor of 25437 and 51708?
417
Calculate the greatest common divisor of 1108483 and 37.
37
Calculate the highest common factor of 495 and 90255.
165
What is the highest common divisor of 15414 and 294?
42
What is the highest common divisor of 945081 and 34?
17
Calculate the greatest common factor of 22814 and 366.
122
What is the highest common divisor of 1111604 and 234?
26
What is the greatest common factor of 7326 